{"id":5810,"date":"2026-03-02T02:27:09","date_gmt":"2026-03-02T02:27:09","guid":{"rendered":"https:\/\/cmflorestopolis.pr.gov.br\/?page_id=5810"},"modified":"2026-04-24T03:20:13","modified_gmt":"2026-04-24T03:20:13","slug":"sessoes-ordinarias-2026","status":"publish","type":"page","link":"https:\/\/cmflorestopolis.pr.gov.br\/?page_id=5810","title":{"rendered":"Sess\u00f5es Ordin\u00e1rias 2026"},"content":{"rendered":"<h2>09\u00aa Sess\u00e3o Ordin\u00e1ria 2026<\/h2>\n<p><b><span data-contrast=\"auto\">As Sess\u00f5es Ordin\u00e1rias acontecem toda segunda-feira \u00e0s 19:00<\/span><\/b><\/p>\n<p><iframe loading=\"lazy\" title=\"09\u00aa SESS\u00c3O  22\/04\/2026\" width=\"900\" height=\"506\" src=\"https:\/\/www.youtube.com\/embed\/ynQ3yJjOYyI?feature=oembed\" frameborder=\"0\" allow=\"accelerometer; autoplay; clipboard-write; encrypted-media; gyroscope; picture-in-picture; web-share\" referrerpolicy=\"strict-origin-when-cross-origin\" allowfullscreen><\/iframe><\/p>\n<h2>08\u00aa Sess\u00e3o Ordin\u00e1ria 2026<\/h2>\n<p><b><span data-contrast=\"auto\">As Sess\u00f5es Ordin\u00e1rias acontecem toda segunda-feira \u00e0s 19:00<\/span><\/b><\/p>\n<p><iframe loading=\"lazy\" title=\"08\u00aa SESS\u00c3O ORD  2026   13\/04\/2026\" width=\"900\" height=\"506\" src=\"https:\/\/www.youtube.com\/embed\/hNvm7p_UmVA?feature=oembed\" frameborder=\"0\" allow=\"accelerometer; autoplay; clipboard-write; encrypted-media; gyroscope; picture-in-picture; web-share\" referrerpolicy=\"strict-origin-when-cross-origin\" allowfullscreen><\/iframe><\/p>\n<h2>07\u00aa Sess\u00e3o Ordin\u00e1ria 2026<\/h2>\n<p><b><span data-contrast=\"auto\">As Sess\u00f5es Ordin\u00e1rias acontecem toda segunda-feira \u00e0s 19:00<\/span><\/b><\/p>\n<p><iframe loading=\"lazy\" title=\"07\u00aa SESS\u00c3O ORD   06\/04\/2026\" width=\"900\" height=\"506\" src=\"https:\/\/www.youtube.com\/embed\/0ccE76FvVh0?feature=oembed\" frameborder=\"0\" allow=\"accelerometer; autoplay; clipboard-write; encrypted-media; gyroscope; picture-in-picture; web-share\" referrerpolicy=\"strict-origin-when-cross-origin\" allowfullscreen><\/iframe><\/p>\n<h2>06\u00aa Sess\u00e3o Ordin\u00e1ria 2026<\/h2>\n<p><b><span data-contrast=\"auto\">As Sess\u00f5es Ordin\u00e1rias acontecem toda segunda-feira \u00e0s 19:00<\/span><\/b><\/p>\n<p><iframe loading=\"lazy\" title=\"06\u00aa SESS\u00c3O ORD   30\/03\/2026\" width=\"900\" height=\"506\" src=\"https:\/\/www.youtube.com\/embed\/TZpA9lUuK6A?feature=oembed\" frameborder=\"0\" allow=\"accelerometer; autoplay; clipboard-write; encrypted-media; gyroscope; picture-in-picture; web-share\" referrerpolicy=\"strict-origin-when-cross-origin\" allowfullscreen><\/iframe><\/p>\n<h2>05\u00aa Sess\u00e3o Ordin\u00e1ria 2026<\/h2>\n<p><b><span data-contrast=\"auto\">As Sess\u00f5es Ordin\u00e1rias acontecem toda segunda-feira \u00e0s 19:00<\/span><\/b><\/p>\n<p><iframe loading=\"lazy\" title=\"05\u00aa SESS\u00c3O ORD  23\/03\/2026\" width=\"900\" height=\"506\" src=\"https:\/\/www.youtube.com\/embed\/Hkw48g1hGsA?feature=oembed\" frameborder=\"0\" allow=\"accelerometer; autoplay; clipboard-write; encrypted-media; gyroscope; picture-in-picture; web-share\" referrerpolicy=\"strict-origin-when-cross-origin\" allowfullscreen><\/iframe><\/p>\n<h2>04\u00aa Sess\u00e3o Ordin\u00e1ria 2026<\/h2>\n<p><b><span data-contrast=\"auto\">As Sess\u00f5es Ordin\u00e1rias acontecem toda segunda-feira \u00e0s 19:00<\/span><\/b><\/p>\n<p><iframe loading=\"lazy\" title=\"04\u00aa SESS\u00c3O ORD 2026   16\/03\/2026\" width=\"900\" height=\"506\" src=\"https:\/\/www.youtube.com\/embed\/KfUYPEJkAWI?feature=oembed\" frameborder=\"0\" allow=\"accelerometer; autoplay; clipboard-write; encrypted-media; gyroscope; picture-in-picture; web-share\" referrerpolicy=\"strict-origin-when-cross-origin\" allowfullscreen><\/iframe><\/p>\n<h2>03\u00aa Sess\u00e3o Ordin\u00e1ria 2026<\/h2>\n<p><b><span data-contrast=\"auto\">As Sess\u00f5es Ordin\u00e1rias acontecem toda segunda-feira \u00e0s 19:00<\/span><\/b><\/p>\n<p><iframe loading=\"lazy\" title=\"03\u00aa SESS\u00c3O ORD 2026   09\/03\/2026\" width=\"900\" height=\"506\" src=\"https:\/\/www.youtube.com\/embed\/faTrtMsz77Y?feature=oembed\" frameborder=\"0\" allow=\"accelerometer; autoplay; clipboard-write; encrypted-media; gyroscope; picture-in-picture; web-share\" referrerpolicy=\"strict-origin-when-cross-origin\" allowfullscreen><\/iframe><\/p>\n<h2>02\u00aa Sess\u00e3o Ordin\u00e1ria 2026<\/h2>\n<p><b><span data-contrast=\"auto\">As Sess\u00f5es Ordin\u00e1rias acontecem toda segunda-feira \u00e0s 19:00<\/span><\/b><\/p>\n<p><iframe loading=\"lazy\" title=\"02\u00aa SESS\u00c3O ORD 2026 02\/03\/2026\" width=\"900\" height=\"506\" src=\"https:\/\/www.youtube.com\/embed\/xcbv1m23zgs?feature=oembed\" frameborder=\"0\" allow=\"accelerometer; autoplay; clipboard-write; encrypted-media; gyroscope; picture-in-picture; web-share\" referrerpolicy=\"strict-origin-when-cross-origin\" allowfullscreen><\/iframe><\/p>\n<h2>01\u00aa Sess\u00e3o Ordin\u00e1ria 2026<\/h2>\n<p><b><span data-contrast=\"auto\">As Sess\u00f5es Ordin\u00e1rias acontecem toda segunda-feira \u00e0s 19:00<\/span><\/b><\/p>\n<p><iframe loading=\"lazy\" title=\"01\u00aa SESS\u00c3O ORD  2026   23\/02\/2026\" width=\"900\" height=\"506\" src=\"https:\/\/www.youtube.com\/embed\/tNDO8mrJl6E?feature=oembed\" frameborder=\"0\" allow=\"accelerometer; autoplay; clipboard-write; encrypted-media; gyroscope; picture-in-picture; web-share\" referrerpolicy=\"strict-origin-when-cross-origin\" allowfullscreen><\/iframe><\/p>\n","protected":false},"excerpt":{"rendered":"<p>09\u00aa Sess\u00e3o Ordin\u00e1ria 2026 As Sess\u00f5es Ordin\u00e1rias acontecem toda segunda-feira \u00e0s 19:00 08\u00aa Sess\u00e3o Ordin\u00e1ria 2026 As Sess\u00f5es Ordin\u00e1rias acontecem toda segunda-feira \u00e0s 19:00 07\u00aa [&#8230;]<\/p>\n","protected":false},"author":1,"featured_media":0,"parent":0,"menu_order":0,"comment_status":"closed","ping_status":"closed","template":"","meta":[],"yoast_head":"<!-- This site is optimized with the Yoast SEO plugin v17.6 - https:\/\/yoast.com\/wordpress\/plugins\/seo\/ -->\n<title>Sess\u00f5es Ordin\u00e1rias 2026 - C\u00e2mara Municipal de Florest\u00f3polis<\/title>\n<meta name=\"robots\" content=\"index, follow, max-snippet:-1, max-image-preview:large, max-video-preview:-1\" \/>\n<link rel=\"canonical\" href=\"https:\/\/cmflorestopolis.pr.gov.br\/?page_id=5810\" \/>\n<meta property=\"og:locale\" content=\"pt_BR\" \/>\n<meta property=\"og:type\" content=\"article\" \/>\n<meta property=\"og:title\" content=\"Sess\u00f5es Ordin\u00e1rias 2026 - C\u00e2mara Municipal de Florest\u00f3polis\" \/>\n<meta property=\"og:description\" content=\"09\u00aa Sess\u00e3o Ordin\u00e1ria 2026 As Sess\u00f5es Ordin\u00e1rias acontecem toda segunda-feira \u00e0s 19:00 08\u00aa Sess\u00e3o Ordin\u00e1ria 2026 As Sess\u00f5es Ordin\u00e1rias acontecem toda segunda-feira \u00e0s 19:00 07\u00aa [...]\" \/>\n<meta property=\"og:url\" content=\"https:\/\/cmflorestopolis.pr.gov.br\/?page_id=5810\" \/>\n<meta property=\"og:site_name\" content=\"C\u00e2mara Municipal de Florest\u00f3polis\" \/>\n<meta property=\"article:modified_time\" content=\"2026-04-24T03:20:13+00:00\" \/>\n<meta name=\"twitter:card\" content=\"summary_large_image\" \/>\n<meta name=\"twitter:label1\" content=\"Est. tempo de leitura\" \/>\n\t<meta name=\"twitter:data1\" content=\"1 minuto\" \/>\n<script type=\"application\/ld+json\" class=\"yoast-schema-graph\">{\"@context\":\"https:\/\/schema.org\",\"@graph\":[{\"@type\":\"WebSite\",\"@id\":\"https:\/\/cmflorestopolis.pr.gov.br\/#website\",\"url\":\"https:\/\/cmflorestopolis.pr.gov.br\/\",\"name\":\"C\\u00e2mara Municipal de Florest\\u00f3polis\",\"description\":\"\",\"potentialAction\":[{\"@type\":\"SearchAction\",\"target\":{\"@type\":\"EntryPoint\",\"urlTemplate\":\"https:\/\/cmflorestopolis.pr.gov.br\/?s={search_term_string}\"},\"query-input\":\"required name=search_term_string\"}],\"inLanguage\":\"pt-BR\"},{\"@type\":\"WebPage\",\"@id\":\"https:\/\/cmflorestopolis.pr.gov.br\/?page_id=5810#webpage\",\"url\":\"https:\/\/cmflorestopolis.pr.gov.br\/?page_id=5810\",\"name\":\"Sess\\u00f5es Ordin\\u00e1rias 2026 - C\\u00e2mara Municipal de Florest\\u00f3polis\",\"isPartOf\":{\"@id\":\"https:\/\/cmflorestopolis.pr.gov.br\/#website\"},\"datePublished\":\"2026-03-02T02:27:09+00:00\",\"dateModified\":\"2026-04-24T03:20:13+00:00\",\"breadcrumb\":{\"@id\":\"https:\/\/cmflorestopolis.pr.gov.br\/?page_id=5810#breadcrumb\"},\"inLanguage\":\"pt-BR\",\"potentialAction\":[{\"@type\":\"ReadAction\",\"target\":[\"https:\/\/cmflorestopolis.pr.gov.br\/?page_id=5810\"]}]},{\"@type\":\"BreadcrumbList\",\"@id\":\"https:\/\/cmflorestopolis.pr.gov.br\/?page_id=5810#breadcrumb\",\"itemListElement\":[{\"@type\":\"ListItem\",\"position\":1,\"name\":\"In\\u00edcio\",\"item\":\"https:\/\/cmflorestopolis.pr.gov.br\/\"},{\"@type\":\"ListItem\",\"position\":2,\"name\":\"Sess\\u00f5es Ordin\\u00e1rias 2026\"}]}]}<\/script>\n<!-- \/ Yoast SEO plugin. -->","yoast_head_json":{"title":"Sess\u00f5es Ordin\u00e1rias 2026 - C\u00e2mara Municipal de Florest\u00f3polis","robots":{"index":"index","follow":"follow","max-snippet":"max-snippet:-1","max-image-preview":"max-image-preview:large","max-video-preview":"max-video-preview:-1"},"canonical":"https:\/\/cmflorestopolis.pr.gov.br\/?page_id=5810","og_locale":"pt_BR","og_type":"article","og_title":"Sess\u00f5es Ordin\u00e1rias 2026 - C\u00e2mara Municipal de Florest\u00f3polis","og_description":"09\u00aa Sess\u00e3o Ordin\u00e1ria 2026 As Sess\u00f5es Ordin\u00e1rias acontecem toda segunda-feira \u00e0s 19:00 08\u00aa Sess\u00e3o Ordin\u00e1ria 2026 As Sess\u00f5es Ordin\u00e1rias acontecem toda segunda-feira \u00e0s 19:00 07\u00aa [...]","og_url":"https:\/\/cmflorestopolis.pr.gov.br\/?page_id=5810","og_site_name":"C\u00e2mara Municipal de Florest\u00f3polis","article_modified_time":"2026-04-24T03:20:13+00:00","twitter_card":"summary_large_image","twitter_misc":{"Est. tempo de leitura":"1 minuto"},"schema":{"@context":"https:\/\/schema.org","@graph":[{"@type":"WebSite","@id":"https:\/\/cmflorestopolis.pr.gov.br\/#website","url":"https:\/\/cmflorestopolis.pr.gov.br\/","name":"C\u00e2mara Municipal de Florest\u00f3polis","description":"","potentialAction":[{"@type":"SearchAction","target":{"@type":"EntryPoint","urlTemplate":"https:\/\/cmflorestopolis.pr.gov.br\/?s={search_term_string}"},"query-input":"required name=search_term_string"}],"inLanguage":"pt-BR"},{"@type":"WebPage","@id":"https:\/\/cmflorestopolis.pr.gov.br\/?page_id=5810#webpage","url":"https:\/\/cmflorestopolis.pr.gov.br\/?page_id=5810","name":"Sess\u00f5es Ordin\u00e1rias 2026 - C\u00e2mara Municipal de Florest\u00f3polis","isPartOf":{"@id":"https:\/\/cmflorestopolis.pr.gov.br\/#website"},"datePublished":"2026-03-02T02:27:09+00:00","dateModified":"2026-04-24T03:20:13+00:00","breadcrumb":{"@id":"https:\/\/cmflorestopolis.pr.gov.br\/?page_id=5810#breadcrumb"},"inLanguage":"pt-BR","potentialAction":[{"@type":"ReadAction","target":["https:\/\/cmflorestopolis.pr.gov.br\/?page_id=5810"]}]},{"@type":"BreadcrumbList","@id":"https:\/\/cmflorestopolis.pr.gov.br\/?page_id=5810#breadcrumb","itemListElement":[{"@type":"ListItem","position":1,"name":"In\u00edcio","item":"https:\/\/cmflorestopolis.pr.gov.br\/"},{"@type":"ListItem","position":2,"name":"Sess\u00f5es Ordin\u00e1rias 2026"}]}]}},"_links":{"self":[{"href":"https:\/\/cmflorestopolis.pr.gov.br\/index.php?rest_route=\/wp\/v2\/pages\/5810"}],"collection":[{"href":"https:\/\/cmflorestopolis.pr.gov.br\/index.php?rest_route=\/wp\/v2\/pages"}],"about":[{"href":"https:\/\/cmflorestopolis.pr.gov.br\/index.php?rest_route=\/wp\/v2\/types\/page"}],"author":[{"embeddable":true,"href":"https:\/\/cmflorestopolis.pr.gov.br\/index.php?rest_route=\/wp\/v2\/users\/1"}],"replies":[{"embeddable":true,"href":"https:\/\/cmflorestopolis.pr.gov.br\/index.php?rest_route=%2Fwp%2Fv2%2Fcomments&post=5810"}],"version-history":[{"count":12,"href":"https:\/\/cmflorestopolis.pr.gov.br\/index.php?rest_route=\/wp\/v2\/pages\/5810\/revisions"}],"predecessor-version":[{"id":6063,"href":"https:\/\/cmflorestopolis.pr.gov.br\/index.php?rest_route=\/wp\/v2\/pages\/5810\/revisions\/6063"}],"wp:attachment":[{"href":"https:\/\/cmflorestopolis.pr.gov.br\/index.php?rest_route=%2Fwp%2Fv2%2Fmedia&parent=5810"}],"curies":[{"name":"wp","href":"https:\/\/api.w.org\/{rel}","templated":true}]}}