{"id":496,"date":"2021-07-11T13:52:54","date_gmt":"2021-07-11T16:52:54","guid":{"rendered":"https:\/\/camara897460250.wordpress.com\/?page_id=496"},"modified":"2021-11-06T20:45:41","modified_gmt":"2021-11-06T20:45:41","slug":"atas-sessoes-2014","status":"publish","type":"page","link":"https:\/\/cmflorestopolis.pr.gov.br\/?page_id=496","title":{"rendered":"Atas Sess\u00f5es 2014"},"content":{"rendered":"<p><strong>Atas das Sess\u00f5es Ordin\u00e1rias e Extraordin\u00e1rias de 2014<\/strong><\/p>\n<table>\n<tbody>\n<tr>\n<td colspan=\"3\"><strong>Sess\u00f5es Ordin\u00e1rias<\/strong><\/td>\n<\/tr>\n<tr>\n<td><strong>N\u00ba<\/strong><\/td>\n<td><strong>Data<\/strong><\/td>\n<td><strong>Visualizar<\/strong><\/td>\n<\/tr>\n<tr>\n<td><strong>36<\/strong><\/td>\n<td><strong>15\/12\/2014<\/strong><\/td>\n<td><a href=\"https:\/\/cmflorestopolis.pr.gov.br\/wp-content\/uploads\/2021\/11\/ATA-36a-SESSAO-ORDINARIA-2014.pdf\">ATA-36\u00aa-SESS\u00c3O-ORDIN\u00c1RIA-2014<\/a><\/td>\n<\/tr>\n<tr>\n<td><strong>35<\/strong><\/td>\n<td><strong>08\/12\/2014<\/strong><\/td>\n<td><a href=\"https:\/\/cmflorestopolis.pr.gov.br\/wp-content\/uploads\/2021\/11\/ATA-35a-SESSAO-ORDINARIA-2014.pdf\">ATA-35\u00aa-SESS\u00c3O-ORDIN\u00c1RIA-2014<\/a><\/td>\n<\/tr>\n<tr>\n<td><strong>34<\/strong><\/td>\n<td><strong>01\/12\/2014<\/strong><\/td>\n<td><a href=\"https:\/\/cmflorestopolis.pr.gov.br\/wp-content\/uploads\/2021\/11\/ATA-34a-SESSAO-ORDINARIA-2014.pdf\">ATA-34\u00aa-SESS\u00c3O-ORDIN\u00c1RIA-2014<\/a><\/td>\n<\/tr>\n<tr>\n<td><strong>33<\/strong><\/td>\n<td><strong>24\/11\/2014<\/strong><\/td>\n<td><a href=\"https:\/\/cmflorestopolis.pr.gov.br\/wp-content\/uploads\/2021\/11\/ATA-33a-SESSAO-ORDINARIA-2014.pdf\">ATA-33\u00aa-SESS\u00c3O-ORDIN\u00c1RIA-2014<\/a><\/td>\n<\/tr>\n<tr>\n<td><strong>32<\/strong><\/td>\n<td><strong>17\/11\/2014<\/strong><\/td>\n<td><a href=\"https:\/\/cmflorestopolis.pr.gov.br\/wp-content\/uploads\/2021\/11\/ATA-32a-SESSAO-ORDINARIA-2014.pdf\">ATA-32\u00aa-SESS\u00c3O-ORDIN\u00c1RIA-2014<\/a><\/td>\n<\/tr>\n<tr>\n<td><strong>31<\/strong><\/td>\n<td><strong>10\/11\/2014<\/strong><\/td>\n<td><a href=\"https:\/\/cmflorestopolis.pr.gov.br\/wp-content\/uploads\/2021\/11\/ATA-31a-SESSAO-ORDINARIA-2014.pdf\">ATA-31\u00aa-SESS\u00c3O-ORDIN\u00c1RIA-2014<\/a><\/td>\n<\/tr>\n<tr>\n<td><strong>30<\/strong><\/td>\n<td><strong>03\/11\/2014<\/strong><\/td>\n<td><a href=\"https:\/\/cmflorestopolis.pr.gov.br\/wp-content\/uploads\/2021\/11\/ATA-30a-SESSAO-ORDINARIA-2014.pdf\">ATA-30\u00aa-SESS\u00c3O-ORDIN\u00c1RIA-2014<\/a><\/td>\n<\/tr>\n<tr>\n<td><strong>29<\/strong><\/td>\n<td><strong>27\/10\/2014<\/strong><\/td>\n<td><a href=\"https:\/\/cmflorestopolis.pr.gov.br\/wp-content\/uploads\/2021\/11\/ATA-29a-SESSAO-ORDINARIA-2014.pdf\">ATA-29\u00aa-SESS\u00c3O-ORDIN\u00c1RIA-2014<\/a><\/td>\n<\/tr>\n<tr>\n<td><strong>28<\/strong><\/td>\n<td><strong>20\/10\/2014<\/strong><\/td>\n<td><a href=\"https:\/\/cmflorestopolis.pr.gov.br\/wp-content\/uploads\/2021\/11\/ATA-28a-SESSAO-ORDINARIA-2014.pdf\">ATA-28\u00aa-SESS\u00c3O-ORDIN\u00c1RIA-2014<\/a><\/td>\n<\/tr>\n<tr>\n<td><strong>27<\/strong><\/td>\n<td><strong>13\/10\/2014<\/strong><\/td>\n<td><a href=\"https:\/\/cmflorestopolis.pr.gov.br\/wp-content\/uploads\/2021\/11\/ATA-27a-SESSAO-ORDINARIA-2014.pdf\">ATA-27\u00aa-SESS\u00c3O-ORDIN\u00c1RIA-2014<\/a><\/td>\n<\/tr>\n<tr>\n<td><strong>26<\/strong><\/td>\n<td><strong>06\/10\/2014<\/strong><\/td>\n<td><a href=\"https:\/\/cmflorestopolis.pr.gov.br\/wp-content\/uploads\/2021\/11\/ATA-26a-SESSAO-ORDINARIA-2014.pdf\">ATA-26\u00aa-SESS\u00c3O-ORDIN\u00c1RIA-2014<\/a><\/td>\n<\/tr>\n<tr>\n<td><strong>25<\/strong><\/td>\n<td><strong>29\/09\/2014<\/strong><\/td>\n<td><a href=\"https:\/\/cmflorestopolis.pr.gov.br\/wp-content\/uploads\/2021\/11\/ATA-25a-SESSAO-ORDINARIA-2014.pdf\">ATA-25\u00aa-SESS\u00c3O-ORDIN\u00c1RIA-2014<\/a><\/td>\n<\/tr>\n<tr>\n<td><strong>24<\/strong><\/td>\n<td><strong>22\/09\/2014<\/strong><\/td>\n<td><a href=\"https:\/\/cmflorestopolis.pr.gov.br\/wp-content\/uploads\/2021\/11\/ATA-24a-SESSAO-ORDINARIA-2014.pdf\">ATA-24\u00aa-SESS\u00c3O-ORDIN\u00c1RIA-2014<\/a><\/td>\n<\/tr>\n<tr>\n<td><strong>23<\/strong><\/td>\n<td><strong>15\/09\/2014<\/strong><\/td>\n<td><a href=\"https:\/\/cmflorestopolis.pr.gov.br\/wp-content\/uploads\/2021\/11\/ATA-23a-SESSAO-ORDINARIA-2014.pdf\">ATA-23\u00aa-SESS\u00c3O-ORDIN\u00c1RIA-2014<\/a><\/td>\n<\/tr>\n<tr>\n<td><strong>22<\/strong><\/td>\n<td><strong>01\/09\/2014<\/strong><\/td>\n<td><a href=\"https:\/\/cmflorestopolis.pr.gov.br\/wp-content\/uploads\/2021\/11\/ATA-22a-SESSAO-ORDINARIA-2014.pdf\">ATA-22\u00aa-SESS\u00c3O-ORDIN\u00c1RIA-2014<\/a><\/td>\n<\/tr>\n<tr>\n<td><strong>21<\/strong><\/td>\n<td><strong>25\/08\/2014<\/strong><\/td>\n<td><a href=\"https:\/\/cmflorestopolis.pr.gov.br\/wp-content\/uploads\/2021\/11\/ATA-21a-SESSAO-ORDINARIA-2014.pdf\">ATA-21\u00aa-SESS\u00c3O-ORDIN\u00c1RIA-2014<\/a><\/td>\n<\/tr>\n<tr>\n<td><strong>20<\/strong><\/td>\n<td><strong>18\/08\/2014\u00a0<\/strong><\/td>\n<td><a href=\"https:\/\/cmflorestopolis.pr.gov.br\/wp-content\/uploads\/2021\/11\/ATA-20a-SESSAO-ORDINARIA-2014.pdf\">ATA-20\u00aa-SESS\u00c3O-ORDIN\u00c1RIA-2014<\/a><\/td>\n<\/tr>\n<tr>\n<td><strong>19<\/strong><\/td>\n<td><strong>11\/08\/2014<\/strong><\/td>\n<td><a href=\"https:\/\/cmflorestopolis.pr.gov.br\/wp-content\/uploads\/2021\/11\/ATA-19a-SESSAO-ORDINARIA-2014.pdf\">ATA-19\u00aa-SESS\u00c3O-ORDIN\u00c1RIA-2014<\/a><\/td>\n<\/tr>\n<tr>\n<td><strong>18<\/strong><\/td>\n<td><strong>04\/08\/2014<\/strong><\/td>\n<td><a href=\"https:\/\/cmflorestopolis.pr.gov.br\/wp-content\/uploads\/2021\/11\/ATA-18a-SESSAO-ORDINARIA-2014.pdf\">ATA-18\u00aa-SESS\u00c3O-ORDIN\u00c1RIA-2014<\/a><\/td>\n<\/tr>\n<tr>\n<td><strong>17<\/strong><\/td>\n<td><strong>30\/06\/2014<\/strong><\/td>\n<td><a href=\"https:\/\/cmflorestopolis.pr.gov.br\/wp-content\/uploads\/2021\/11\/ATA-17a-SESSAO-ORDINARIA-2014.pdf\">ATA-17\u00aa-SESS\u00c3O-ORDIN\u00c1RIA-2014<\/a><\/td>\n<\/tr>\n<tr>\n<td><strong>16<\/strong><\/td>\n<td><strong>16\/06\/2014<\/strong><\/td>\n<td><a href=\"https:\/\/cmflorestopolis.pr.gov.br\/wp-content\/uploads\/2021\/11\/ATA-16a-SESSAO-ORDINARIA-2014.pdf\">ATA-16\u00aa-SESS\u00c3O-ORDIN\u00c1RIA-2014<\/a><\/td>\n<\/tr>\n<tr>\n<td><strong>15<\/strong><\/td>\n<td><strong>09\/06\/2014<\/strong><\/td>\n<td><a href=\"https:\/\/cmflorestopolis.pr.gov.br\/wp-content\/uploads\/2021\/11\/ATA-15a-SESSAO-ORDINARIA-2014.pdf\">ATA-15\u00aa-SESS\u00c3O-ORDIN\u00c1RIA-2014<\/a><\/td>\n<\/tr>\n<tr>\n<td><strong>14<\/strong><\/td>\n<td><strong>02\/06\/2014<\/strong><\/td>\n<td><a href=\"https:\/\/cmflorestopolis.pr.gov.br\/wp-content\/uploads\/2021\/11\/ATA-14a-SESSAO-ORDINARIA-2014.pdf\">ATA-14\u00aa-SESS\u00c3O-ORDIN\u00c1RIA-2014<\/a><\/td>\n<\/tr>\n<tr>\n<td><strong>13<\/strong><\/td>\n<td><strong>26\/05\/2014<\/strong><\/td>\n<td><a href=\"https:\/\/cmflorestopolis.pr.gov.br\/wp-content\/uploads\/2021\/11\/ATA-13a-SESSAO-ORDINARIA-2014.pdf\">ATA-13\u00aa-SESS\u00c3O-ORDIN\u00c1RIA-2014<\/a><\/td>\n<\/tr>\n<tr>\n<td><strong>12<\/strong><\/td>\n<td><strong>19\/05\/2014<\/strong><\/td>\n<td><a href=\"https:\/\/cmflorestopolis.pr.gov.br\/wp-content\/uploads\/2021\/11\/ATA-12a-SESSAO-ORDINARIA-2014.pdf\">ATA-12\u00aa-SESS\u00c3O-ORDIN\u00c1RIA-2014<\/a><\/td>\n<\/tr>\n<tr>\n<td><strong>11<\/strong><\/td>\n<td><strong>12\/05\/2014<\/strong><\/td>\n<td><a href=\"https:\/\/cmflorestopolis.pr.gov.br\/wp-content\/uploads\/2021\/11\/ATA-11a-SESSAO-ORDINARIA-2014.pdf\">ATA-11\u00aa-SESS\u00c3O-ORDIN\u00c1RIA-2014<\/a><\/td>\n<\/tr>\n<tr>\n<td><strong>10<\/strong><\/td>\n<td><strong>05\/05\/2014<\/strong><\/td>\n<td><a href=\"https:\/\/cmflorestopolis.pr.gov.br\/wp-content\/uploads\/2021\/11\/ATA-10a-SESSAO-ORDINARIA-2014.pdf\">ATA-10\u00aa-SESS\u00c3O-ORDIN\u00c1RIA-2014<\/a><\/td>\n<\/tr>\n<tr>\n<td><strong>09<\/strong><\/td>\n<td><strong>28\/04\/2014\u00a0<\/strong><\/td>\n<td><a href=\"https:\/\/cmflorestopolis.pr.gov.br\/wp-content\/uploads\/2021\/11\/ATA-09a-SESSAO-ORDINARIA-2014.pdf\">ATA-09\u00aa-SESS\u00c3O-ORDIN\u00c1RIA-2014<\/a><\/td>\n<\/tr>\n<tr>\n<td><strong>08<\/strong><\/td>\n<td><strong>14\/04\/2014<\/strong><\/td>\n<td><a href=\"https:\/\/cmflorestopolis.pr.gov.br\/wp-content\/uploads\/2021\/11\/ATA-08a-SESSAO-ORDINARIA-2014.pdf\">ATA-08\u00aa-SESS\u00c3O-ORDIN\u00c1RIA-2014<\/a><\/td>\n<\/tr>\n<tr>\n<td><strong>07<\/strong><\/td>\n<td><strong>07\/04\/2014<\/strong><\/td>\n<td><a href=\"https:\/\/cmflorestopolis.pr.gov.br\/wp-content\/uploads\/2021\/11\/ATA-07a-SESSAO-ORDINARIA-2014.pdf\">ATA-07\u00aa-SESS\u00c3O-ORDIN\u00c1RIA-2014<\/a><\/td>\n<\/tr>\n<tr>\n<td><strong>06<\/strong><\/td>\n<td><strong>31\/03\/2014<\/strong><\/td>\n<td><a href=\"https:\/\/cmflorestopolis.pr.gov.br\/wp-content\/uploads\/2021\/11\/ATA-06a-SESSAO-ORDINARIA-2014.pdf\">ATA-06\u00aa-SESS\u00c3O-ORDIN\u00c1RIA-2014<\/a><\/td>\n<\/tr>\n<tr>\n<td><strong>05<\/strong><\/td>\n<td><strong>24\/03\/2014<\/strong><\/td>\n<td><a href=\"https:\/\/cmflorestopolis.pr.gov.br\/wp-content\/uploads\/2021\/11\/ATA-05a-SESSAO-ORDINARIA-2014.pdf\">ATA-05\u00aa-SESS\u00c3O-ORDIN\u00c1RIA-2014<\/a><\/td>\n<\/tr>\n<tr>\n<td><strong>04<\/strong><\/td>\n<td><strong>17\/03\/2014<\/strong><\/td>\n<td><a href=\"https:\/\/cmflorestopolis.pr.gov.br\/wp-content\/uploads\/2021\/11\/ATA-04a-SESSAO-ORDINARIA-2014.pdf\">ATA-04\u00aa-SESS\u00c3O-ORDIN\u00c1RIA-2014<\/a><\/td>\n<\/tr>\n<tr>\n<td><strong>03<\/strong><\/td>\n<td><strong>10\/03\/2014<\/strong><\/td>\n<td><a href=\"https:\/\/cmflorestopolis.pr.gov.br\/wp-content\/uploads\/2021\/11\/ATA-03a-SESSAO-ORDINARIA-2014.pdf\">ATA-03\u00aa-SESS\u00c3O-ORDIN\u00c1RIA-2014<\/a><\/td>\n<\/tr>\n<tr>\n<td><strong>02<\/strong><\/td>\n<td><strong>24\/02\/2014<\/strong><\/td>\n<td><a href=\"https:\/\/cmflorestopolis.pr.gov.br\/wp-content\/uploads\/2021\/11\/ATA-02a-SESSAO-ORDINARIA-2014.pdf\">ATA-02\u00aa-SESS\u00c3O-ORDIN\u00c1RIA-2014<\/a><\/td>\n<\/tr>\n<tr>\n<td><strong>01<\/strong><\/td>\n<td><strong>17\/02\/2014<\/strong><\/td>\n<td><a href=\"https:\/\/cmflorestopolis.pr.gov.br\/wp-content\/uploads\/2021\/11\/ATA-01a-SESSAO-ORDINARIA-2014.pdf\">ATA-01\u00aa-SESS\u00c3O-ORDIN\u00c1RIA-2014<\/a><\/td>\n<\/tr>\n<\/tbody>\n<\/table>\n<table>\n<tbody>\n<tr>\n<td colspan=\"3\"><strong>Sess\u00f5es Extraordin\u00e1rias<\/strong><\/td>\n<\/tr>\n<tr>\n<td><strong>N\u00ba<\/strong><\/td>\n<td><strong>Data<\/strong><\/td>\n<td><strong>Visualizar<\/strong><\/td>\n<\/tr>\n<tr>\n<td><strong>39<\/strong><\/td>\n<td><strong>\u00a031\/12\/2014<\/strong><\/td>\n<td><a href=\"https:\/\/cmflorestopolis.pr.gov.br\/wp-content\/uploads\/2021\/11\/ATA-DA-39a-SESSAO-EXTRAORD.-2014.pdf\">ATA-DA-39\u00aa-SESS\u00c3O-EXTRAORD.-2014<\/a><\/td>\n<\/tr>\n<tr>\n<td><strong>38<\/strong><\/td>\n<td><strong>30\/12\/2014<\/strong><\/td>\n<td><a href=\"https:\/\/cmflorestopolis.pr.gov.br\/wp-content\/uploads\/2021\/11\/ATA-DA-38a-SESSAO-EXTRAORD.-2014.pdf\">ATA-DA-38\u00aa-SESS\u00c3O-EXTRAORD.-2014<\/a><\/td>\n<\/tr>\n<tr>\n<td><strong>37<\/strong><\/td>\n<td>\u00a0<strong>29\/12\/2014<\/strong><\/td>\n<td><a href=\"https:\/\/cmflorestopolis.pr.gov.br\/wp-content\/uploads\/2021\/11\/ATA-DA-37a-SESSAO-EXTRAORD.-2014.pdf\">ATA-DA-37\u00aa-SESS\u00c3O-EXTRAORD.-2014<\/a><\/td>\n<\/tr>\n<tr>\n<td><strong>36<\/strong><\/td>\n<td><strong>17\/12\/2014<\/strong><\/td>\n<td><a href=\"https:\/\/cmflorestopolis.pr.gov.br\/wp-content\/uploads\/2021\/11\/ATA-DA-36a-SESSAO-EXTRAORD.-2014.pdf\">ATA-DA-36\u00aa-SESS\u00c3O-EXTRAORD.-2014<\/a><\/td>\n<\/tr>\n<tr>\n<td><strong>35<\/strong><\/td>\n<td><strong>16\/12\/2014<\/strong><\/td>\n<td><a href=\"https:\/\/cmflorestopolis.pr.gov.br\/wp-content\/uploads\/2021\/11\/ATA-DA-35a-SESSAO-EXTRAORD.-2014.pdf\">ATA-DA-35\u00aa-SESS\u00c3O-EXTRAORD.-2014<\/a><\/td>\n<\/tr>\n<tr>\n<td><strong>34<\/strong><\/td>\n<td><strong>13\/11\/2014<\/strong><\/td>\n<td><a href=\"https:\/\/cmflorestopolis.pr.gov.br\/wp-content\/uploads\/2021\/11\/ATA-DA-34a-SESSAO-EXTRAORD.-2014.pdf\">ATA-DA-34\u00aa-SESS\u00c3O-EXTRAORD.-2014<\/a><\/td>\n<\/tr>\n<tr>\n<td><strong>33<\/strong><\/td>\n<td><strong>12\/11\/2014<\/strong><\/td>\n<td><a href=\"https:\/\/cmflorestopolis.pr.gov.br\/wp-content\/uploads\/2021\/11\/ATA-DA-33a-SESSAO-EXTRAORD.-2014.pdf\">ATA-DA-33\u00aa-SESS\u00c3O-EXTRAORD.-2014<\/a><\/td>\n<\/tr>\n<tr>\n<td><strong>32<\/strong><\/td>\n<td><strong>11\/11\/2014<\/strong><\/td>\n<td><a href=\"https:\/\/cmflorestopolis.pr.gov.br\/wp-content\/uploads\/2021\/11\/ATA-DA-32a-SESSAO-EXTRAORD.-2014.pdf\">ATA-DA-32\u00aa-SESS\u00c3O-EXTRAORD.-2014<\/a><\/td>\n<\/tr>\n<tr>\n<td><strong>31<\/strong><\/td>\n<td><strong>\u00a029\/10\/2014<\/strong><\/td>\n<td><a href=\"https:\/\/cmflorestopolis.pr.gov.br\/wp-content\/uploads\/2021\/11\/ATA-DA-31a-SESSAO-EXTRAORD.-2014.pdf\">ATA-DA-31\u00aa-SESS\u00c3O-EXTRAORD.-2014<\/a><\/td>\n<\/tr>\n<tr>\n<td><strong>30<\/strong><\/td>\n<td><strong>28\/10\/2014<\/strong><\/td>\n<td><a href=\"https:\/\/cmflorestopolis.pr.gov.br\/wp-content\/uploads\/2021\/11\/ATA-DA-30a-SESSAO-EXTRAORD.-2014.pdf\">ATA-DA-30\u00aa-SESS\u00c3O-EXTRAORD.-2014<\/a><\/td>\n<\/tr>\n<tr>\n<td><strong>29<\/strong><\/td>\n<td><strong>23\/10\/2014<\/strong><\/td>\n<td><a href=\"https:\/\/cmflorestopolis.pr.gov.br\/wp-content\/uploads\/2021\/11\/ATA-DA-29a-SESSAO-EXTRAORD.-2014.pdf\">ATA-DA-29\u00aa-SESS\u00c3O-EXTRAORD.-2014<\/a><\/td>\n<\/tr>\n<tr>\n<td><strong>28<\/strong><\/td>\n<td><strong>22\/10\/2014<\/strong><\/td>\n<td><a href=\"https:\/\/cmflorestopolis.pr.gov.br\/wp-content\/uploads\/2021\/11\/ATA-DA-28a-SESSAO-EXTRAORD.-2014.pdf\">ATA-DA-28\u00aa-SESS\u00c3O-EXTRAORD.-2014<\/a><\/td>\n<\/tr>\n<tr>\n<td><strong>27<\/strong><\/td>\n<td><strong>21\/10\/2014<\/strong><\/td>\n<td><a href=\"https:\/\/cmflorestopolis.pr.gov.br\/wp-content\/uploads\/2021\/11\/ATA-DA-27a-SESSAO-EXTRAORD.-2014.pdf\">ATA-DA-27\u00aa-SESS\u00c3O-EXTRAORD.-2014<\/a><\/td>\n<\/tr>\n<tr>\n<td><strong>26<\/strong><\/td>\n<td><strong>19\/09\/2014<\/strong><\/td>\n<td><a href=\"https:\/\/cmflorestopolis.pr.gov.br\/wp-content\/uploads\/2021\/11\/ATA-DA-26a-SESSAO-EXTRAORD.-2014.pdf\">ATA-DA-26\u00aa-SESS\u00c3O-EXTRAORD.-2014<\/a><\/td>\n<\/tr>\n<tr>\n<td><strong>25<\/strong><\/td>\n<td><strong>18\/09\/2014<\/strong><\/td>\n<td><a href=\"https:\/\/cmflorestopolis.pr.gov.br\/wp-content\/uploads\/2021\/11\/ATA-DA-25a-SESSAO-EXTRAORD.-2014.pdf\">ATA-DA-25\u00aa-SESS\u00c3O-EXTRAORD.-2014<\/a><\/td>\n<\/tr>\n<tr>\n<td><strong>24<\/strong><\/td>\n<td><strong>17\/09\/2014<\/strong><\/td>\n<td><a href=\"https:\/\/cmflorestopolis.pr.gov.br\/wp-content\/uploads\/2021\/11\/ATA-DA-24a-SESSAO-EXTRAORD.-2014.pdf\">ATA-DA-24\u00aa-SESS\u00c3O-EXTRAORD.-2014<\/a><\/td>\n<\/tr>\n<tr>\n<td><strong>23<\/strong><\/td>\n<td><strong>21\/08\/2014<\/strong><\/td>\n<td><a href=\"https:\/\/cmflorestopolis.pr.gov.br\/wp-content\/uploads\/2021\/11\/ATA-DA-23a-SESSAO-EXTRAORD.-2014.pdf\">ATA-DA-23\u00aa-SESS\u00c3O-EXTRAORD.-2014<\/a><\/td>\n<\/tr>\n<tr>\n<td><strong>22<\/strong><\/td>\n<td><strong>20\/08\/2014<\/strong><\/td>\n<td><a href=\"https:\/\/cmflorestopolis.pr.gov.br\/wp-content\/uploads\/2021\/11\/ATA-DA-22a-SESSAO-EXTRAORD.-2014.pdf\">ATA-DA-22\u00aa-SESS\u00c3O-EXTRAORD.-2014<\/a><\/td>\n<\/tr>\n<tr>\n<td><strong>21<\/strong><\/td>\n<td><strong>19\/08\/2014<\/strong><\/td>\n<td><a href=\"https:\/\/cmflorestopolis.pr.gov.br\/wp-content\/uploads\/2021\/11\/ATA-DA-21a-SESSAO-EXTRAORD.-2014.pdf\">ATA-DA-21\u00aa-SESS\u00c3O-EXTRAORD.-2014<\/a><\/td>\n<\/tr>\n<tr>\n<td><strong>20<\/strong><\/td>\n<td><strong>13\/08\/2014\u00a0<\/strong><\/td>\n<td><a href=\"https:\/\/cmflorestopolis.pr.gov.br\/wp-content\/uploads\/2021\/11\/ATA-DA-20a-SESSAO-EXTRAORD.-2014.pdf\">ATA-DA-20\u00aa-SESS\u00c3O-EXTRAORD.-2014<\/a><\/td>\n<\/tr>\n<tr>\n<td><strong>19<\/strong><\/td>\n<td><strong>12\/08\/2014<\/strong><\/td>\n<td><a href=\"https:\/\/cmflorestopolis.pr.gov.br\/wp-content\/uploads\/2021\/11\/ATA-DA-19a-SESSAO-EXTRAORD.-2014.pdf\">ATA-DA-19\u00aa-SESS\u00c3O-EXTRAORD.-2014<\/a><\/td>\n<\/tr>\n<tr>\n<td><strong>18<\/strong><\/td>\n<td><strong>18\/07\/2014<\/strong><\/td>\n<td><a href=\"https:\/\/cmflorestopolis.pr.gov.br\/wp-content\/uploads\/2021\/11\/ATA-DA-18a-SESSAO-EXTRAORD.-2014.pdf\">ATA-DA-18\u00aa-SESS\u00c3O-EXTRAORD.-2014<\/a><\/td>\n<\/tr>\n<tr>\n<td><strong>17<\/strong><\/td>\n<td><strong>17\/07\/2014<\/strong><\/td>\n<td><a href=\"https:\/\/cmflorestopolis.pr.gov.br\/wp-content\/uploads\/2021\/11\/ATA-DA-17a-SESSAO-EXTRAORD.-2014.pdf\">ATA-DA-17\u00aa-SESS\u00c3O-EXTRAORD.-2014<\/a><\/td>\n<\/tr>\n<tr>\n<td><strong>16<\/strong><\/td>\n<td><strong>16\/07\/2014<\/strong><\/td>\n<td><a href=\"https:\/\/cmflorestopolis.pr.gov.br\/wp-content\/uploads\/2021\/11\/ATA-DA-16a-SESSAO-EXTRAORD.-2014.pdf\">ATA-DA-16\u00aa-SESS\u00c3O-EXTRAORD.-2014<\/a><\/td>\n<\/tr>\n<tr>\n<td><strong>15<\/strong><\/td>\n<td><strong>03\/07\/2014<\/strong><\/td>\n<td><a href=\"https:\/\/cmflorestopolis.pr.gov.br\/wp-content\/uploads\/2021\/11\/ATA-DA-15a-SESSAO-EXTRAORD.-2014.pdf\">ATA-DA-15\u00aa-SESS\u00c3O-EXTRAORD.-2014<\/a><\/td>\n<\/tr>\n<tr>\n<td><strong>14<\/strong><\/td>\n<td><strong>02\/07\/2014<\/strong><\/td>\n<td><a href=\"https:\/\/cmflorestopolis.pr.gov.br\/wp-content\/uploads\/2021\/11\/ATA-DA-14a-SESSAO-EXTRAORD.-2014.pdf\">ATA-DA-14\u00aa-SESS\u00c3O-EXTRAORD.-2014<\/a><\/td>\n<\/tr>\n<tr>\n<td><strong>13<\/strong><\/td>\n<td><strong>01\/07\/2014<\/strong><\/td>\n<td><a href=\"https:\/\/cmflorestopolis.pr.gov.br\/wp-content\/uploads\/2021\/11\/ATA-DA-13a-SESSAO-EXTRAORD.-2014.pdf\">ATA-DA-13\u00aa-SESS\u00c3O-EXTRAORD.-2014<\/a><\/td>\n<\/tr>\n<tr>\n<td><strong>12<\/strong><\/td>\n<td><strong>18\/06\/2014<\/strong><\/td>\n<td><a href=\"https:\/\/cmflorestopolis.pr.gov.br\/wp-content\/uploads\/2021\/11\/ATA-DA-12a-SESSAO-EXTRAORD.-2014.pdf\">ATA-DA-12\u00aa-SESS\u00c3O-EXTRAORD.-2014<\/a><\/td>\n<\/tr>\n<tr>\n<td><strong>11<\/strong><\/td>\n<td><strong>17\/06\/2014<\/strong><\/td>\n<td><a href=\"https:\/\/cmflorestopolis.pr.gov.br\/wp-content\/uploads\/2021\/11\/ATA-DA-11a-SESSAO-EXTRAORD.-2014.pdf\">ATA-DA-11\u00aa-SESS\u00c3O-EXTRAORD.-2014<\/a><\/td>\n<\/tr>\n<tr>\n<td><strong>10<\/strong><\/td>\n<td><strong>16\/06\/2014<\/strong><\/td>\n<td><a href=\"https:\/\/cmflorestopolis.pr.gov.br\/wp-content\/uploads\/2021\/11\/ATA-DA-10a-SESSAO-EXTRAORD.-2014.pdf\">ATA-DA-10\u00aa-SESS\u00c3O-EXTRAORD.-2014<\/a><\/td>\n<\/tr>\n<tr>\n<td><strong>09<\/strong><\/td>\n<td><strong>15\/05\/2014\u00a0<\/strong><\/td>\n<td><a href=\"https:\/\/cmflorestopolis.pr.gov.br\/wp-content\/uploads\/2021\/11\/ATA-DA-09a-SESSAO-EXTRAORD.-2014.pdf\">ATA-DA-09\u00aa-SESS\u00c3O-EXTRAORD.-2014<\/a><\/td>\n<\/tr>\n<tr>\n<td><strong>08<\/strong><\/td>\n<td><strong>14\/05\/2014<\/strong><\/td>\n<td><a href=\"https:\/\/cmflorestopolis.pr.gov.br\/wp-content\/uploads\/2021\/11\/ATA-DA-08a-SESSAO-EXTRAORD.-2014.pdf\">ATA-DA-08\u00aa-SESS\u00c3O-EXTRAORD.-2014<\/a><\/td>\n<\/tr>\n<tr>\n<td><strong>07<\/strong><\/td>\n<td><strong>13\/05\/2014<\/strong><\/td>\n<td><a href=\"https:\/\/cmflorestopolis.pr.gov.br\/wp-content\/uploads\/2021\/11\/ATA-DA-07a-SESSAO-EXTRAORD.-2014.pdf\">ATA-DA-07\u00aa-SESS\u00c3O-EXTRAORD.-2014<\/a><\/td>\n<\/tr>\n<tr>\n<td><strong>06<\/strong><\/td>\n<td><strong>19\/02\/2014<\/strong><\/td>\n<td><a href=\"https:\/\/cmflorestopolis.pr.gov.br\/wp-content\/uploads\/2021\/11\/ATA-DA-06a-SESSAO-EXTRAORD.-2014.pdf\">ATA-DA-06\u00aa-SESS\u00c3O-EXTRAORD.-2014<\/a><\/td>\n<\/tr>\n<tr>\n<td><strong>05<\/strong><\/td>\n<td><strong>18\/02\/2014<\/strong><\/td>\n<td><a href=\"https:\/\/cmflorestopolis.pr.gov.br\/wp-content\/uploads\/2021\/11\/ATA-DA-05a-SESSAO-EXTRAORD.-2014.pdf\">ATA-DA-05\u00aa-SESS\u00c3O-EXTRAORD.-2014<\/a><\/td>\n<\/tr>\n<tr>\n<td><strong>04<\/strong><\/td>\n<td><strong>17\/02\/2014<\/strong><\/td>\n<td><a href=\"https:\/\/cmflorestopolis.pr.gov.br\/wp-content\/uploads\/2021\/11\/ATA-DA-04a-SESSAO-EXTRAORD.-2014.pdf\">ATA-DA-04\u00aa-SESS\u00c3O-EXTRAORD.-2014<\/a><\/td>\n<\/tr>\n<tr>\n<td><strong>03<\/strong><\/td>\n<td><strong>10\/01\/2014<\/strong><\/td>\n<td><a href=\"https:\/\/cmflorestopolis.pr.gov.br\/wp-content\/uploads\/2021\/11\/ATA-DA-03a-SESSAO-EXTRAORD.-2014.pdf\">ATA-DA-03\u00aa-SESS\u00c3O-EXTRAORD.-2014<\/a><\/td>\n<\/tr>\n<tr>\n<td><strong>02<\/strong><\/td>\n<td><strong>09\/01\/2014<\/strong><\/td>\n<td><a href=\"https:\/\/cmflorestopolis.pr.gov.br\/wp-content\/uploads\/2021\/11\/ATA-DA-02a-SESSAO-EXTRAORD.-2014.pdf\">ATA-DA-02\u00aa-SESS\u00c3O-EXTRAORD.-2014<\/a><\/td>\n<\/tr>\n<tr>\n<td><strong>01<\/strong><\/td>\n<td><strong>\u00a008\/01\/2014<\/strong><\/td>\n<td><a href=\"https:\/\/cmflorestopolis.pr.gov.br\/wp-content\/uploads\/2021\/11\/ATA-DA-01a-SESSAO-EXTRAORD.-2014.pdf\">ATA-DA-01\u00aa-SESS\u00c3O-EXTRAORD.-2014<\/a><\/td>\n<\/tr>\n<\/tbody>\n<\/table>\n<p>&nbsp;<\/p>\n","protected":false},"excerpt":{"rendered":"<p>Atas das Sess\u00f5es Ordin\u00e1rias e Extraordin\u00e1rias de 2014 Sess\u00f5es Ordin\u00e1rias N\u00ba Data Visualizar 36 15\/12\/2014 ATA-36\u00aa-SESS\u00c3O-ORDIN\u00c1RIA-2014 35 08\/12\/2014 ATA-35\u00aa-SESS\u00c3O-ORDIN\u00c1RIA-2014 34 01\/12\/2014 ATA-34\u00aa-SESS\u00c3O-ORDIN\u00c1RIA-2014 33 24\/11\/2014 ATA-33\u00aa-SESS\u00c3O-ORDIN\u00c1RIA-2014 [&#8230;]<\/p>\n","protected":false},"author":2,"featured_media":0,"parent":0,"menu_order":0,"comment_status":"closed","ping_status":"closed","template":"","meta":[],"yoast_head":"<!-- This site is optimized with the Yoast SEO plugin v17.6 - https:\/\/yoast.com\/wordpress\/plugins\/seo\/ -->\n<title>Atas Sess\u00f5es 2014 - C\u00e2mara Municipal de Florest\u00f3polis<\/title>\n<meta name=\"robots\" content=\"index, follow, max-snippet:-1, max-image-preview:large, max-video-preview:-1\" \/>\n<link rel=\"canonical\" href=\"https:\/\/cmflorestopolis.pr.gov.br\/?page_id=496\" \/>\n<meta property=\"og:locale\" content=\"pt_BR\" \/>\n<meta property=\"og:type\" content=\"article\" \/>\n<meta property=\"og:title\" content=\"Atas Sess\u00f5es 2014 - C\u00e2mara Municipal de Florest\u00f3polis\" \/>\n<meta property=\"og:description\" content=\"Atas das Sess\u00f5es Ordin\u00e1rias e Extraordin\u00e1rias de 2014 Sess\u00f5es Ordin\u00e1rias N\u00ba Data Visualizar 36 15\/12\/2014 ATA-36\u00aa-SESS\u00c3O-ORDIN\u00c1RIA-2014 35 08\/12\/2014 ATA-35\u00aa-SESS\u00c3O-ORDIN\u00c1RIA-2014 34 01\/12\/2014 ATA-34\u00aa-SESS\u00c3O-ORDIN\u00c1RIA-2014 33 24\/11\/2014 ATA-33\u00aa-SESS\u00c3O-ORDIN\u00c1RIA-2014 [...]\" \/>\n<meta property=\"og:url\" content=\"https:\/\/cmflorestopolis.pr.gov.br\/?page_id=496\" \/>\n<meta property=\"og:site_name\" content=\"C\u00e2mara Municipal de Florest\u00f3polis\" \/>\n<meta property=\"article:modified_time\" content=\"2021-11-06T20:45:41+00:00\" \/>\n<meta name=\"twitter:card\" content=\"summary_large_image\" \/>\n<meta name=\"twitter:label1\" content=\"Est. tempo de leitura\" \/>\n\t<meta name=\"twitter:data1\" content=\"2 minutos\" \/>\n<script type=\"application\/ld+json\" class=\"yoast-schema-graph\">{\"@context\":\"https:\/\/schema.org\",\"@graph\":[{\"@type\":\"WebSite\",\"@id\":\"https:\/\/cmflorestopolis.pr.gov.br\/#website\",\"url\":\"https:\/\/cmflorestopolis.pr.gov.br\/\",\"name\":\"C\\u00e2mara Municipal de Florest\\u00f3polis\",\"description\":\"\",\"potentialAction\":[{\"@type\":\"SearchAction\",\"target\":{\"@type\":\"EntryPoint\",\"urlTemplate\":\"https:\/\/cmflorestopolis.pr.gov.br\/?s={search_term_string}\"},\"query-input\":\"required name=search_term_string\"}],\"inLanguage\":\"pt-BR\"},{\"@type\":\"WebPage\",\"@id\":\"https:\/\/cmflorestopolis.pr.gov.br\/?page_id=496#webpage\",\"url\":\"https:\/\/cmflorestopolis.pr.gov.br\/?page_id=496\",\"name\":\"Atas Sess\\u00f5es 2014 - C\\u00e2mara Municipal de Florest\\u00f3polis\",\"isPartOf\":{\"@id\":\"https:\/\/cmflorestopolis.pr.gov.br\/#website\"},\"datePublished\":\"2021-07-11T16:52:54+00:00\",\"dateModified\":\"2021-11-06T20:45:41+00:00\",\"breadcrumb\":{\"@id\":\"https:\/\/cmflorestopolis.pr.gov.br\/?page_id=496#breadcrumb\"},\"inLanguage\":\"pt-BR\",\"potentialAction\":[{\"@type\":\"ReadAction\",\"target\":[\"https:\/\/cmflorestopolis.pr.gov.br\/?page_id=496\"]}]},{\"@type\":\"BreadcrumbList\",\"@id\":\"https:\/\/cmflorestopolis.pr.gov.br\/?page_id=496#breadcrumb\",\"itemListElement\":[{\"@type\":\"ListItem\",\"position\":1,\"name\":\"In\\u00edcio\",\"item\":\"https:\/\/cmflorestopolis.pr.gov.br\/\"},{\"@type\":\"ListItem\",\"position\":2,\"name\":\"Atas Sess\\u00f5es 2014\"}]}]}<\/script>\n<!-- \/ Yoast SEO plugin. -->","yoast_head_json":{"title":"Atas Sess\u00f5es 2014 - C\u00e2mara Municipal de Florest\u00f3polis","robots":{"index":"index","follow":"follow","max-snippet":"max-snippet:-1","max-image-preview":"max-image-preview:large","max-video-preview":"max-video-preview:-1"},"canonical":"https:\/\/cmflorestopolis.pr.gov.br\/?page_id=496","og_locale":"pt_BR","og_type":"article","og_title":"Atas Sess\u00f5es 2014 - C\u00e2mara Municipal de Florest\u00f3polis","og_description":"Atas das Sess\u00f5es Ordin\u00e1rias e Extraordin\u00e1rias de 2014 Sess\u00f5es Ordin\u00e1rias N\u00ba Data Visualizar 36 15\/12\/2014 ATA-36\u00aa-SESS\u00c3O-ORDIN\u00c1RIA-2014 35 08\/12\/2014 ATA-35\u00aa-SESS\u00c3O-ORDIN\u00c1RIA-2014 34 01\/12\/2014 ATA-34\u00aa-SESS\u00c3O-ORDIN\u00c1RIA-2014 33 24\/11\/2014 ATA-33\u00aa-SESS\u00c3O-ORDIN\u00c1RIA-2014 [...]","og_url":"https:\/\/cmflorestopolis.pr.gov.br\/?page_id=496","og_site_name":"C\u00e2mara Municipal de Florest\u00f3polis","article_modified_time":"2021-11-06T20:45:41+00:00","twitter_card":"summary_large_image","twitter_misc":{"Est. tempo de leitura":"2 minutos"},"schema":{"@context":"https:\/\/schema.org","@graph":[{"@type":"WebSite","@id":"https:\/\/cmflorestopolis.pr.gov.br\/#website","url":"https:\/\/cmflorestopolis.pr.gov.br\/","name":"C\u00e2mara Municipal de Florest\u00f3polis","description":"","potentialAction":[{"@type":"SearchAction","target":{"@type":"EntryPoint","urlTemplate":"https:\/\/cmflorestopolis.pr.gov.br\/?s={search_term_string}"},"query-input":"required name=search_term_string"}],"inLanguage":"pt-BR"},{"@type":"WebPage","@id":"https:\/\/cmflorestopolis.pr.gov.br\/?page_id=496#webpage","url":"https:\/\/cmflorestopolis.pr.gov.br\/?page_id=496","name":"Atas Sess\u00f5es 2014 - C\u00e2mara Municipal de Florest\u00f3polis","isPartOf":{"@id":"https:\/\/cmflorestopolis.pr.gov.br\/#website"},"datePublished":"2021-07-11T16:52:54+00:00","dateModified":"2021-11-06T20:45:41+00:00","breadcrumb":{"@id":"https:\/\/cmflorestopolis.pr.gov.br\/?page_id=496#breadcrumb"},"inLanguage":"pt-BR","potentialAction":[{"@type":"ReadAction","target":["https:\/\/cmflorestopolis.pr.gov.br\/?page_id=496"]}]},{"@type":"BreadcrumbList","@id":"https:\/\/cmflorestopolis.pr.gov.br\/?page_id=496#breadcrumb","itemListElement":[{"@type":"ListItem","position":1,"name":"In\u00edcio","item":"https:\/\/cmflorestopolis.pr.gov.br\/"},{"@type":"ListItem","position":2,"name":"Atas Sess\u00f5es 2014"}]}]}},"_links":{"self":[{"href":"https:\/\/cmflorestopolis.pr.gov.br\/index.php?rest_route=\/wp\/v2\/pages\/496"}],"collection":[{"href":"https:\/\/cmflorestopolis.pr.gov.br\/index.php?rest_route=\/wp\/v2\/pages"}],"about":[{"href":"https:\/\/cmflorestopolis.pr.gov.br\/index.php?rest_route=\/wp\/v2\/types\/page"}],"author":[{"embeddable":true,"href":"https:\/\/cmflorestopolis.pr.gov.br\/index.php?rest_route=\/wp\/v2\/users\/2"}],"replies":[{"embeddable":true,"href":"https:\/\/cmflorestopolis.pr.gov.br\/index.php?rest_route=%2Fwp%2Fv2%2Fcomments&post=496"}],"version-history":[{"count":9,"href":"https:\/\/cmflorestopolis.pr.gov.br\/index.php?rest_route=\/wp\/v2\/pages\/496\/revisions"}],"predecessor-version":[{"id":1356,"href":"https:\/\/cmflorestopolis.pr.gov.br\/index.php?rest_route=\/wp\/v2\/pages\/496\/revisions\/1356"}],"wp:attachment":[{"href":"https:\/\/cmflorestopolis.pr.gov.br\/index.php?rest_route=%2Fwp%2Fv2%2Fmedia&parent=496"}],"curies":[{"name":"wp","href":"https:\/\/api.w.org\/{rel}","templated":true}]}}