{"id":3208,"date":"2022-05-05T18:00:53","date_gmt":"2022-05-05T18:00:53","guid":{"rendered":"https:\/\/cmflorestopolis.pr.gov.br\/?page_id=3208"},"modified":"2022-08-29T18:56:40","modified_gmt":"2022-08-29T18:56:40","slug":"nota-de-pesar","status":"publish","type":"page","link":"https:\/\/cmflorestopolis.pr.gov.br\/?page_id=3208","title":{"rendered":"Nota de pesar"},"content":{"rendered":"<p>\u00c9 com profundo pesar que comunicamos o falecimento do Sr. Daniel Malaquias dos Reis (Brecha), ex-vereador da C\u00e2mara Municipal de Florest\u00f3polis na 11\u00aa Legislatura de 1997 a 2000.\u00a0Diante desta perda irrepar\u00e1vel, a C\u00e2mara Municipal de Florest\u00f3polis, em nome dos vereadores e servidores, expressa sinceras condol\u00eancias aos familiares e amigos.<\/p>\n<p><img loading=\"lazy\" class=\"alignnone wp-image-3509 size-medium\" src=\"https:\/\/cmflorestopolis.pr.gov.br\/wp-content\/uploads\/2022\/08\/WhatsApp-Image-2022-08-29-at-15.45.15-300x290.jpeg\" alt=\"\" width=\"300\" height=\"290\" srcset=\"https:\/\/cmflorestopolis.pr.gov.br\/wp-content\/uploads\/2022\/08\/WhatsApp-Image-2022-08-29-at-15.45.15-300x290.jpeg 300w, https:\/\/cmflorestopolis.pr.gov.br\/wp-content\/uploads\/2022\/08\/WhatsApp-Image-2022-08-29-at-15.45.15.jpeg 720w, https:\/\/cmflorestopolis.pr.gov.br\/wp-content\/uploads\/2022\/08\/WhatsApp-Image-2022-08-29-at-15.45.15-300x290@2x.jpeg 600w\" sizes=\"(max-width: 300px) 100vw, 300px\" \/><\/p>\n","protected":false},"excerpt":{"rendered":"<p>\u00c9 com profundo pesar que comunicamos o falecimento do Sr. Daniel Malaquias dos Reis (Brecha), ex-vereador da C\u00e2mara Municipal de Florest\u00f3polis na 11\u00aa Legislatura de [&#8230;]<\/p>\n","protected":false},"author":1,"featured_media":0,"parent":0,"menu_order":0,"comment_status":"closed","ping_status":"closed","template":"","meta":[],"yoast_head":"<!-- This site is optimized with the Yoast SEO plugin v17.6 - https:\/\/yoast.com\/wordpress\/plugins\/seo\/ -->\n<title>Nota de pesar - C\u00e2mara Municipal de Florest\u00f3polis<\/title>\n<meta name=\"robots\" content=\"index, follow, max-snippet:-1, max-image-preview:large, max-video-preview:-1\" \/>\n<link rel=\"canonical\" href=\"https:\/\/cmflorestopolis.pr.gov.br\/?page_id=3208\" \/>\n<meta property=\"og:locale\" content=\"pt_BR\" \/>\n<meta property=\"og:type\" content=\"article\" \/>\n<meta property=\"og:title\" content=\"Nota de pesar - C\u00e2mara Municipal de Florest\u00f3polis\" \/>\n<meta property=\"og:description\" content=\"\u00c9 com profundo pesar que comunicamos o falecimento do Sr. Daniel Malaquias dos Reis (Brecha), ex-vereador da C\u00e2mara Municipal de Florest\u00f3polis na 11\u00aa Legislatura de [...]\" \/>\n<meta property=\"og:url\" content=\"https:\/\/cmflorestopolis.pr.gov.br\/?page_id=3208\" \/>\n<meta property=\"og:site_name\" content=\"C\u00e2mara Municipal de Florest\u00f3polis\" \/>\n<meta property=\"article:modified_time\" content=\"2022-08-29T18:56:40+00:00\" \/>\n<meta property=\"og:image\" content=\"https:\/\/cmflorestopolis.pr.gov.br\/wp-content\/uploads\/2022\/08\/WhatsApp-Image-2022-08-29-at-15.45.15-300x290.jpeg\" \/>\n<meta name=\"twitter:card\" content=\"summary_large_image\" \/>\n<script type=\"application\/ld+json\" class=\"yoast-schema-graph\">{\"@context\":\"https:\/\/schema.org\",\"@graph\":[{\"@type\":\"WebSite\",\"@id\":\"https:\/\/cmflorestopolis.pr.gov.br\/#website\",\"url\":\"https:\/\/cmflorestopolis.pr.gov.br\/\",\"name\":\"C\\u00e2mara Municipal de Florest\\u00f3polis\",\"description\":\"\",\"potentialAction\":[{\"@type\":\"SearchAction\",\"target\":{\"@type\":\"EntryPoint\",\"urlTemplate\":\"https:\/\/cmflorestopolis.pr.gov.br\/?s={search_term_string}\"},\"query-input\":\"required name=search_term_string\"}],\"inLanguage\":\"pt-BR\"},{\"@type\":\"ImageObject\",\"@id\":\"https:\/\/cmflorestopolis.pr.gov.br\/?page_id=3208#primaryimage\",\"inLanguage\":\"pt-BR\",\"url\":\"https:\/\/cmflorestopolis.pr.gov.br\/wp-content\/uploads\/2022\/08\/WhatsApp-Image-2022-08-29-at-15.45.15.jpeg\",\"contentUrl\":\"https:\/\/cmflorestopolis.pr.gov.br\/wp-content\/uploads\/2022\/08\/WhatsApp-Image-2022-08-29-at-15.45.15.jpeg\",\"width\":720,\"height\":695},{\"@type\":\"WebPage\",\"@id\":\"https:\/\/cmflorestopolis.pr.gov.br\/?page_id=3208#webpage\",\"url\":\"https:\/\/cmflorestopolis.pr.gov.br\/?page_id=3208\",\"name\":\"Nota de pesar - C\\u00e2mara Municipal de Florest\\u00f3polis\",\"isPartOf\":{\"@id\":\"https:\/\/cmflorestopolis.pr.gov.br\/#website\"},\"primaryImageOfPage\":{\"@id\":\"https:\/\/cmflorestopolis.pr.gov.br\/?page_id=3208#primaryimage\"},\"datePublished\":\"2022-05-05T18:00:53+00:00\",\"dateModified\":\"2022-08-29T18:56:40+00:00\",\"breadcrumb\":{\"@id\":\"https:\/\/cmflorestopolis.pr.gov.br\/?page_id=3208#breadcrumb\"},\"inLanguage\":\"pt-BR\",\"potentialAction\":[{\"@type\":\"ReadAction\",\"target\":[\"https:\/\/cmflorestopolis.pr.gov.br\/?page_id=3208\"]}]},{\"@type\":\"BreadcrumbList\",\"@id\":\"https:\/\/cmflorestopolis.pr.gov.br\/?page_id=3208#breadcrumb\",\"itemListElement\":[{\"@type\":\"ListItem\",\"position\":1,\"name\":\"In\\u00edcio\",\"item\":\"https:\/\/cmflorestopolis.pr.gov.br\/\"},{\"@type\":\"ListItem\",\"position\":2,\"name\":\"Nota de pesar\"}]}]}<\/script>\n<!-- \/ Yoast SEO plugin. -->","yoast_head_json":{"title":"Nota de pesar - C\u00e2mara Municipal de Florest\u00f3polis","robots":{"index":"index","follow":"follow","max-snippet":"max-snippet:-1","max-image-preview":"max-image-preview:large","max-video-preview":"max-video-preview:-1"},"canonical":"https:\/\/cmflorestopolis.pr.gov.br\/?page_id=3208","og_locale":"pt_BR","og_type":"article","og_title":"Nota de pesar - C\u00e2mara Municipal de Florest\u00f3polis","og_description":"\u00c9 com profundo pesar que comunicamos o falecimento do Sr. Daniel Malaquias dos Reis (Brecha), ex-vereador da C\u00e2mara Municipal de Florest\u00f3polis na 11\u00aa Legislatura de [...]","og_url":"https:\/\/cmflorestopolis.pr.gov.br\/?page_id=3208","og_site_name":"C\u00e2mara Municipal de Florest\u00f3polis","article_modified_time":"2022-08-29T18:56:40+00:00","og_image":[{"url":"https:\/\/cmflorestopolis.pr.gov.br\/wp-content\/uploads\/2022\/08\/WhatsApp-Image-2022-08-29-at-15.45.15-300x290.jpeg"}],"twitter_card":"summary_large_image","schema":{"@context":"https:\/\/schema.org","@graph":[{"@type":"WebSite","@id":"https:\/\/cmflorestopolis.pr.gov.br\/#website","url":"https:\/\/cmflorestopolis.pr.gov.br\/","name":"C\u00e2mara Municipal de Florest\u00f3polis","description":"","potentialAction":[{"@type":"SearchAction","target":{"@type":"EntryPoint","urlTemplate":"https:\/\/cmflorestopolis.pr.gov.br\/?s={search_term_string}"},"query-input":"required name=search_term_string"}],"inLanguage":"pt-BR"},{"@type":"ImageObject","@id":"https:\/\/cmflorestopolis.pr.gov.br\/?page_id=3208#primaryimage","inLanguage":"pt-BR","url":"https:\/\/cmflorestopolis.pr.gov.br\/wp-content\/uploads\/2022\/08\/WhatsApp-Image-2022-08-29-at-15.45.15.jpeg","contentUrl":"https:\/\/cmflorestopolis.pr.gov.br\/wp-content\/uploads\/2022\/08\/WhatsApp-Image-2022-08-29-at-15.45.15.jpeg","width":720,"height":695},{"@type":"WebPage","@id":"https:\/\/cmflorestopolis.pr.gov.br\/?page_id=3208#webpage","url":"https:\/\/cmflorestopolis.pr.gov.br\/?page_id=3208","name":"Nota de pesar - C\u00e2mara Municipal de Florest\u00f3polis","isPartOf":{"@id":"https:\/\/cmflorestopolis.pr.gov.br\/#website"},"primaryImageOfPage":{"@id":"https:\/\/cmflorestopolis.pr.gov.br\/?page_id=3208#primaryimage"},"datePublished":"2022-05-05T18:00:53+00:00","dateModified":"2022-08-29T18:56:40+00:00","breadcrumb":{"@id":"https:\/\/cmflorestopolis.pr.gov.br\/?page_id=3208#breadcrumb"},"inLanguage":"pt-BR","potentialAction":[{"@type":"ReadAction","target":["https:\/\/cmflorestopolis.pr.gov.br\/?page_id=3208"]}]},{"@type":"BreadcrumbList","@id":"https:\/\/cmflorestopolis.pr.gov.br\/?page_id=3208#breadcrumb","itemListElement":[{"@type":"ListItem","position":1,"name":"In\u00edcio","item":"https:\/\/cmflorestopolis.pr.gov.br\/"},{"@type":"ListItem","position":2,"name":"Nota de pesar"}]}]}},"_links":{"self":[{"href":"https:\/\/cmflorestopolis.pr.gov.br\/index.php?rest_route=\/wp\/v2\/pages\/3208"}],"collection":[{"href":"https:\/\/cmflorestopolis.pr.gov.br\/index.php?rest_route=\/wp\/v2\/pages"}],"about":[{"href":"https:\/\/cmflorestopolis.pr.gov.br\/index.php?rest_route=\/wp\/v2\/types\/page"}],"author":[{"embeddable":true,"href":"https:\/\/cmflorestopolis.pr.gov.br\/index.php?rest_route=\/wp\/v2\/users\/1"}],"replies":[{"embeddable":true,"href":"https:\/\/cmflorestopolis.pr.gov.br\/index.php?rest_route=%2Fwp%2Fv2%2Fcomments&post=3208"}],"version-history":[{"count":4,"href":"https:\/\/cmflorestopolis.pr.gov.br\/index.php?rest_route=\/wp\/v2\/pages\/3208\/revisions"}],"predecessor-version":[{"id":3512,"href":"https:\/\/cmflorestopolis.pr.gov.br\/index.php?rest_route=\/wp\/v2\/pages\/3208\/revisions\/3512"}],"wp:attachment":[{"href":"https:\/\/cmflorestopolis.pr.gov.br\/index.php?rest_route=%2Fwp%2Fv2%2Fmedia&parent=3208"}],"curies":[{"name":"wp","href":"https:\/\/api.w.org\/{rel}","templated":true}]}}