{"id":230,"date":"2021-07-10T11:20:18","date_gmt":"2021-07-10T14:20:18","guid":{"rendered":"https:\/\/camara897460250.wordpress.com\/?page_id=230"},"modified":"2021-07-10T11:20:18","modified_gmt":"2021-07-10T14:20:18","slug":"indicacoes-2018","status":"publish","type":"page","link":"https:\/\/cmflorestopolis.pr.gov.br\/?page_id=230","title":{"rendered":"Indica\u00e7\u00f5es 2018"},"content":{"rendered":"<table id=\"tablepress-28\" class=\"tablepress tablepress-id-28 dataTable no-footer\" role=\"grid\" aria-describedby=\"tablepress-28_info\">\n<thead>\n<tr class=\"row-1 odd\" role=\"row\">\n<th class=\"column-1 sorting\" colspan=\"1\" rowspan=\"1\" aria-label=\"N\u00ba: Ordenar colunas de forma ascendente\">N\u00ba<\/th>\n<th class=\"column-2 sorting\" colspan=\"1\" rowspan=\"1\" aria-label=\"Data: Ordenar colunas de forma ascendente\">Data<\/th>\n<th class=\"column-3 sorting\" colspan=\"1\" rowspan=\"1\" aria-label=\"Autor: Ordenar colunas de forma ascendente\">Autor<\/th>\n<th class=\"column-4 sorting\" colspan=\"1\" rowspan=\"1\" aria-label=\"S\u00famula: Ordenar colunas de forma ascendente\">S\u00famula<\/th>\n<th class=\"column-5 sorting\" colspan=\"1\" rowspan=\"1\" aria-label=\"Visualizar: Ordenar colunas de forma ascendente\">Visualizar<\/th>\n<\/tr>\n<\/thead>\n<tbody class=\"row-hover\">\n<tr class=\"row-2 even\" role=\"row\">\n<td class=\"column-1\">05<\/td>\n<td class=\"column-2\">06\/03\/2018<\/td>\n<td class=\"column-3\">Silvio Jorge de Oliveira<\/td>\n<td class=\"column-4\">Indica ao Excelent\u00edssimo prefeito municipal NELSON CORREIA J\u00daNIOR, que determine ao setor competente da municipalidade e ver as possibilidades de viabilizar a constru\u00e7\u00e3o de um redutor de velocidade na Rua Santa Branca, na conflu\u00eancia com a Rua Gentil de Souza. Tal solicita\u00e7\u00e3o \u00e9 um anseio dos moradores daquela localidade, devido a imprud\u00eancia de alguns condutores de ve\u00edculos que trafegam em alta velocidade no referido local.<\/td>\n<td class=\"column-5\"><a href=\"https:\/\/cmflorestopolis.pr.gov.br\/novosite\/wp-content\/uploads\/2019\/02\/INDICACAO-05_2018.pdf\" target=\"_blank\" rel=\"noopener noreferrer\"><img loading=\"lazy\" class=\"alignleft size-full wp-image-1620\" src=\"https:\/\/cmflorestopolis.pr.gov.br\/novosite\/wp-content\/uploads\/2015\/07\/pdf.jpg\" alt=\"\" width=\"32\" height=\"32\" \/><\/a><\/td>\n<\/tr>\n<tr class=\"row-3 odd\" role=\"row\">\n<td class=\"column-1\">04<\/td>\n<td class=\"column-2\">06\/03\/2018<\/td>\n<td class=\"column-3\">Santo Calegari<\/td>\n<td class=\"column-4\">Indica ao Excelent\u00edssimo prefeito municipal NELSON CORREIA J\u00daNIOR, que determine ao setor competente da municipalidade e ver as possibilidades de viabilizar a manuten\u00e7\u00e3o no ar condicionado do \u00f4nibus placa BAU 3972, que faz o transporte universit\u00e1rio visto que isso \u00e9 um anseio dos usu\u00e1rios do referido ve\u00edculo.<\/td>\n<td class=\"column-5\"><a href=\"https:\/\/cmflorestopolis.pr.gov.br\/novosite\/wp-content\/uploads\/2019\/02\/INDICACAO-04_2018.pdf\" target=\"_blank\" rel=\"noopener noreferrer\"><img loading=\"lazy\" class=\"alignleft size-full wp-image-1620\" src=\"https:\/\/cmflorestopolis.pr.gov.br\/novosite\/wp-content\/uploads\/2015\/07\/pdf.jpg\" alt=\"\" width=\"32\" height=\"32\" \/><\/a><\/td>\n<\/tr>\n<tr class=\"row-4 even\" role=\"row\">\n<td class=\"column-1\">03<\/td>\n<td class=\"column-2\">06\/03\/2018<\/td>\n<td class=\"column-3\">Anibal Batista da Silva<\/td>\n<td class=\"column-4\">Indica, ao Excelent\u00edssimo prefeito municipal NELSON CORREIA J\u00daNIOR, que determine ao setor competente da municipalidade e ver as possibilidades de viabilizar a constru\u00e7\u00e3o de 02 (dois) redutores de velocidade, em pontos estrat\u00e9gicos da Rua Nicanor Ravagnani, no conjunto Maria Cec\u00edlia.<\/td>\n<td class=\"column-5\"><a href=\"https:\/\/cmflorestopolis.pr.gov.br\/novosite\/wp-content\/uploads\/2019\/02\/INDICACAO-03_2018.pdf\" target=\"_blank\" rel=\"noopener noreferrer\"><img loading=\"lazy\" class=\"alignleft size-full wp-image-1620\" src=\"https:\/\/cmflorestopolis.pr.gov.br\/novosite\/wp-content\/uploads\/2015\/07\/pdf.jpg\" alt=\"\" width=\"32\" height=\"32\" \/><\/a><\/td>\n<\/tr>\n<tr class=\"row-5 odd\" role=\"row\">\n<td class=\"column-1\">02<\/td>\n<td class=\"column-2\">27\/02\/2018<\/td>\n<td class=\"column-3\">Amegilda Neves de Almeida<\/td>\n<td class=\"column-4\">Indica ao Prefeito Municipal, que proceda estudos junto ao setor competente da municipalidade e ver as possibilidades, de efetuar cobran\u00e7a de taxa para os servi\u00e7os de utiliza\u00e7\u00e3o de ca\u00e7ambas de entulhos e caminh\u00e3o de terra, vale ressaltar que cidades da regi\u00e3o j\u00e1 praticam a cobran\u00e7a da taxa para os referidos servi\u00e7os.<\/td>\n<td class=\"column-5\"><a href=\"https:\/\/cmflorestopolis.pr.gov.br\/novosite\/wp-content\/uploads\/2018\/03\/IND.-N%C2%BA-02_2018_.pdf\" target=\"_blank\" rel=\"noopener noreferrer\"><img loading=\"lazy\" class=\"alignleft size-full wp-image-1620\" src=\"https:\/\/cmflorestopolis.pr.gov.br\/novosite\/wp-content\/uploads\/2015\/07\/pdf.jpg\" alt=\"\" width=\"32\" height=\"32\" \/><\/a><\/td>\n<\/tr>\n<tr class=\"row-6 even\" role=\"row\">\n<td class=\"column-1\">01<\/td>\n<td class=\"column-2\">20\/02\/2018<\/td>\n<td class=\"column-3\">Amegilda Neves de Almeida<\/td>\n<td class=\"column-4\">Indica ao Prefeito Municipal, que estude as possibilidades de viabilizar a cria\u00e7\u00e3o de Lei Instituindo o concurso de premia\u00e7\u00e3o para o pagamento em dia do Imposto Sobre a Propriedade Predial e Territorial Urbana &#8211; IPTU, no \u00e2mbito do Munic\u00edpio de Florest\u00f3polis<\/td>\n<td class=\"column-5\"><a href=\"https:\/\/cmflorestopolis.pr.gov.br\/novosite\/wp-content\/uploads\/2018\/03\/IND.-N%C2%BA-01_2018_.pdf\" target=\"_blank\" rel=\"noopener noreferrer\"><img loading=\"lazy\" class=\"alignleft size-full wp-image-1620\" src=\"https:\/\/cmflorestopolis.pr.gov.br\/novosite\/wp-content\/uploads\/2015\/07\/pdf.jpg\" alt=\"\" width=\"32\" height=\"32\" \/><\/a><\/td>\n<\/tr>\n<\/tbody>\n<\/table>\n","protected":false},"excerpt":{"rendered":"<p>N\u00ba Data Autor S\u00famula Visualizar 05 06\/03\/2018 Silvio Jorge de Oliveira Indica ao Excelent\u00edssimo prefeito municipal NELSON CORREIA J\u00daNIOR, que determine ao setor competente da [&#8230;]<\/p>\n","protected":false},"author":2,"featured_media":0,"parent":0,"menu_order":0,"comment_status":"closed","ping_status":"closed","template":"","meta":[],"yoast_head":"<!-- This site is optimized with the Yoast SEO plugin v17.6 - https:\/\/yoast.com\/wordpress\/plugins\/seo\/ -->\n<title>Indica\u00e7\u00f5es 2018 - C\u00e2mara Municipal de Florest\u00f3polis<\/title>\n<meta name=\"robots\" content=\"index, follow, max-snippet:-1, max-image-preview:large, max-video-preview:-1\" \/>\n<link rel=\"canonical\" href=\"https:\/\/cmflorestopolis.pr.gov.br\/?page_id=230\" \/>\n<meta property=\"og:locale\" content=\"pt_BR\" \/>\n<meta property=\"og:type\" content=\"article\" \/>\n<meta property=\"og:title\" content=\"Indica\u00e7\u00f5es 2018 - C\u00e2mara Municipal de Florest\u00f3polis\" \/>\n<meta property=\"og:description\" content=\"N\u00ba Data Autor S\u00famula Visualizar 05 06\/03\/2018 Silvio Jorge de Oliveira Indica ao Excelent\u00edssimo prefeito municipal NELSON CORREIA J\u00daNIOR, que determine ao setor competente da [...]\" \/>\n<meta property=\"og:url\" content=\"https:\/\/cmflorestopolis.pr.gov.br\/?page_id=230\" \/>\n<meta property=\"og:site_name\" content=\"C\u00e2mara Municipal de Florest\u00f3polis\" \/>\n<meta property=\"og:image\" content=\"https:\/\/cmflorestopolis.pr.gov.br\/novosite\/wp-content\/uploads\/2015\/07\/pdf.jpg\" \/>\n<meta name=\"twitter:card\" content=\"summary_large_image\" \/>\n<meta name=\"twitter:label1\" content=\"Est. tempo de leitura\" \/>\n\t<meta name=\"twitter:data1\" content=\"1 minuto\" \/>\n<script type=\"application\/ld+json\" class=\"yoast-schema-graph\">{\"@context\":\"https:\/\/schema.org\",\"@graph\":[{\"@type\":\"WebSite\",\"@id\":\"https:\/\/cmflorestopolis.pr.gov.br\/#website\",\"url\":\"https:\/\/cmflorestopolis.pr.gov.br\/\",\"name\":\"C\\u00e2mara Municipal de Florest\\u00f3polis\",\"description\":\"\",\"potentialAction\":[{\"@type\":\"SearchAction\",\"target\":{\"@type\":\"EntryPoint\",\"urlTemplate\":\"https:\/\/cmflorestopolis.pr.gov.br\/?s={search_term_string}\"},\"query-input\":\"required name=search_term_string\"}],\"inLanguage\":\"pt-BR\"},{\"@type\":\"ImageObject\",\"@id\":\"https:\/\/cmflorestopolis.pr.gov.br\/?page_id=230#primaryimage\",\"inLanguage\":\"pt-BR\",\"url\":\"https:\/\/cmflorestopolis.pr.gov.br\/novosite\/wp-content\/uploads\/2015\/07\/pdf.jpg\",\"contentUrl\":\"https:\/\/cmflorestopolis.pr.gov.br\/novosite\/wp-content\/uploads\/2015\/07\/pdf.jpg\"},{\"@type\":\"WebPage\",\"@id\":\"https:\/\/cmflorestopolis.pr.gov.br\/?page_id=230#webpage\",\"url\":\"https:\/\/cmflorestopolis.pr.gov.br\/?page_id=230\",\"name\":\"Indica\\u00e7\\u00f5es 2018 - C\\u00e2mara Municipal de Florest\\u00f3polis\",\"isPartOf\":{\"@id\":\"https:\/\/cmflorestopolis.pr.gov.br\/#website\"},\"primaryImageOfPage\":{\"@id\":\"https:\/\/cmflorestopolis.pr.gov.br\/?page_id=230#primaryimage\"},\"datePublished\":\"2021-07-10T14:20:18+00:00\",\"dateModified\":\"2021-07-10T14:20:18+00:00\",\"breadcrumb\":{\"@id\":\"https:\/\/cmflorestopolis.pr.gov.br\/?page_id=230#breadcrumb\"},\"inLanguage\":\"pt-BR\",\"potentialAction\":[{\"@type\":\"ReadAction\",\"target\":[\"https:\/\/cmflorestopolis.pr.gov.br\/?page_id=230\"]}]},{\"@type\":\"BreadcrumbList\",\"@id\":\"https:\/\/cmflorestopolis.pr.gov.br\/?page_id=230#breadcrumb\",\"itemListElement\":[{\"@type\":\"ListItem\",\"position\":1,\"name\":\"In\\u00edcio\",\"item\":\"https:\/\/cmflorestopolis.pr.gov.br\/\"},{\"@type\":\"ListItem\",\"position\":2,\"name\":\"Indica\\u00e7\\u00f5es 2018\"}]}]}<\/script>\n<!-- \/ Yoast SEO plugin. -->","yoast_head_json":{"title":"Indica\u00e7\u00f5es 2018 - C\u00e2mara Municipal de Florest\u00f3polis","robots":{"index":"index","follow":"follow","max-snippet":"max-snippet:-1","max-image-preview":"max-image-preview:large","max-video-preview":"max-video-preview:-1"},"canonical":"https:\/\/cmflorestopolis.pr.gov.br\/?page_id=230","og_locale":"pt_BR","og_type":"article","og_title":"Indica\u00e7\u00f5es 2018 - C\u00e2mara Municipal de Florest\u00f3polis","og_description":"N\u00ba Data Autor S\u00famula Visualizar 05 06\/03\/2018 Silvio Jorge de Oliveira Indica ao Excelent\u00edssimo prefeito municipal NELSON CORREIA J\u00daNIOR, que determine ao setor competente da [...]","og_url":"https:\/\/cmflorestopolis.pr.gov.br\/?page_id=230","og_site_name":"C\u00e2mara Municipal de Florest\u00f3polis","og_image":[{"url":"https:\/\/cmflorestopolis.pr.gov.br\/novosite\/wp-content\/uploads\/2015\/07\/pdf.jpg"}],"twitter_card":"summary_large_image","twitter_misc":{"Est. tempo de leitura":"1 minuto"},"schema":{"@context":"https:\/\/schema.org","@graph":[{"@type":"WebSite","@id":"https:\/\/cmflorestopolis.pr.gov.br\/#website","url":"https:\/\/cmflorestopolis.pr.gov.br\/","name":"C\u00e2mara Municipal de Florest\u00f3polis","description":"","potentialAction":[{"@type":"SearchAction","target":{"@type":"EntryPoint","urlTemplate":"https:\/\/cmflorestopolis.pr.gov.br\/?s={search_term_string}"},"query-input":"required name=search_term_string"}],"inLanguage":"pt-BR"},{"@type":"ImageObject","@id":"https:\/\/cmflorestopolis.pr.gov.br\/?page_id=230#primaryimage","inLanguage":"pt-BR","url":"https:\/\/cmflorestopolis.pr.gov.br\/novosite\/wp-content\/uploads\/2015\/07\/pdf.jpg","contentUrl":"https:\/\/cmflorestopolis.pr.gov.br\/novosite\/wp-content\/uploads\/2015\/07\/pdf.jpg"},{"@type":"WebPage","@id":"https:\/\/cmflorestopolis.pr.gov.br\/?page_id=230#webpage","url":"https:\/\/cmflorestopolis.pr.gov.br\/?page_id=230","name":"Indica\u00e7\u00f5es 2018 - C\u00e2mara Municipal de Florest\u00f3polis","isPartOf":{"@id":"https:\/\/cmflorestopolis.pr.gov.br\/#website"},"primaryImageOfPage":{"@id":"https:\/\/cmflorestopolis.pr.gov.br\/?page_id=230#primaryimage"},"datePublished":"2021-07-10T14:20:18+00:00","dateModified":"2021-07-10T14:20:18+00:00","breadcrumb":{"@id":"https:\/\/cmflorestopolis.pr.gov.br\/?page_id=230#breadcrumb"},"inLanguage":"pt-BR","potentialAction":[{"@type":"ReadAction","target":["https:\/\/cmflorestopolis.pr.gov.br\/?page_id=230"]}]},{"@type":"BreadcrumbList","@id":"https:\/\/cmflorestopolis.pr.gov.br\/?page_id=230#breadcrumb","itemListElement":[{"@type":"ListItem","position":1,"name":"In\u00edcio","item":"https:\/\/cmflorestopolis.pr.gov.br\/"},{"@type":"ListItem","position":2,"name":"Indica\u00e7\u00f5es 2018"}]}]}},"_links":{"self":[{"href":"https:\/\/cmflorestopolis.pr.gov.br\/index.php?rest_route=\/wp\/v2\/pages\/230"}],"collection":[{"href":"https:\/\/cmflorestopolis.pr.gov.br\/index.php?rest_route=\/wp\/v2\/pages"}],"about":[{"href":"https:\/\/cmflorestopolis.pr.gov.br\/index.php?rest_route=\/wp\/v2\/types\/page"}],"author":[{"embeddable":true,"href":"https:\/\/cmflorestopolis.pr.gov.br\/index.php?rest_route=\/wp\/v2\/users\/2"}],"replies":[{"embeddable":true,"href":"https:\/\/cmflorestopolis.pr.gov.br\/index.php?rest_route=%2Fwp%2Fv2%2Fcomments&post=230"}],"version-history":[{"count":0,"href":"https:\/\/cmflorestopolis.pr.gov.br\/index.php?rest_route=\/wp\/v2\/pages\/230\/revisions"}],"wp:attachment":[{"href":"https:\/\/cmflorestopolis.pr.gov.br\/index.php?rest_route=%2Fwp%2Fv2%2Fmedia&parent=230"}],"curies":[{"name":"wp","href":"https:\/\/api.w.org\/{rel}","templated":true}]}}